[INFO] cloning repository https://github.com/Bitspleaseee/controller
[INFO] running `Command { std: "git" "-c" "credential.helper=" "-c" "credential.helper=/workspace/cargo-home/bin/git-credential-null" "clone" "--bare" "https://github.com/Bitspleaseee/controller" "/workspace/cache/git-repos/https%3A%2F%2Fgithub.com%2FBitspleaseee%2Fcontroller", kill_on_drop: false }`
[INFO] [stderr] Cloning into bare repository '/workspace/cache/git-repos/https%3A%2F%2Fgithub.com%2FBitspleaseee%2Fcontroller'...
[INFO] running `Command { std: "git" "rev-parse" "HEAD", kill_on_drop: false }`
[INFO] [stdout] 253f82746b6b99c3272d47044e2b9cb49c5439ae
[INFO] checking Bitspleaseee/controller against master#af3c6e733a40e671550e0f0f5aeecaa13772ba56 for pr-74989
[INFO] running `Command { std: "git" "clone" "/workspace/cache/git-repos/https%3A%2F%2Fgithub.com%2FBitspleaseee%2Fcontroller" "/workspace/builds/worker-13/source", kill_on_drop: false }`
[INFO] [stderr] Cloning into '/workspace/builds/worker-13/source'...
[INFO] [stderr] done.
[INFO] validating manifest of git repo https://github.com/Bitspleaseee/controller on toolchain af3c6e733a40e671550e0f0f5aeecaa13772ba56
[INFO] running `Command { std: "/workspace/cargo-home/bin/cargo" "+af3c6e733a40e671550e0f0f5aeecaa13772ba56" "read-manifest" "--manifest-path" "Cargo.toml", kill_on_drop: false }`
[INFO] started tweaking git repo https://github.com/Bitspleaseee/controller
[INFO] finished tweaking git repo https://github.com/Bitspleaseee/controller
[INFO] tweaked toml for git repo https://github.com/Bitspleaseee/controller written to /workspace/builds/worker-13/source/Cargo.toml
[INFO] crate git repo https://github.com/Bitspleaseee/controller already has a lockfile, it will not be regenerated
[INFO] running `Command { std: "/workspace/cargo-home/bin/cargo" "+af3c6e733a40e671550e0f0f5aeecaa13772ba56" "fetch" "--locked" "--manifest-path" "Cargo.toml", kill_on_drop: false }`
[INFO] running `Command { std: "docker" "create" "-v" "/var/lib/crater-agent-workspace/builds/worker-13/target:/opt/rustwide/target:rw,Z" "-v" "/var/lib/crater-agent-workspace/builds/worker-13/source:/opt/rustwide/workdir:ro,Z" "-v" "/var/lib/crater-agent-workspace/cargo-home:/opt/rustwide/cargo-home:ro,Z" "-v" "/var/lib/crater-agent-workspace/rustup-home:/opt/rustwide/rustup-home:ro,Z" "-e" "SOURCE_DIR=/opt/rustwide/workdir" "-e" "CARGO_TARGET_DIR=/opt/rustwide/target" "-e" "CARGO_HOME=/opt/rustwide/cargo-home" "-e" "RUSTUP_HOME=/opt/rustwide/rustup-home" "-w" "/opt/rustwide/workdir" "-m" "1610612736" "--user" "0:0" "--network" "none" "rustops/crates-build-env@sha256:d92eaeed33fa75130ca1ee6c8a01d1ffb62bac859dfdfb3450e3e5d1c0146529" "/opt/rustwide/cargo-home/bin/cargo" "+af3c6e733a40e671550e0f0f5aeecaa13772ba56" "metadata" "--no-deps" "--format-version=1", kill_on_drop: false }`
[INFO] [stdout] f8e8436324e55ba53072ecb23c4207478990c3e51b443c1d4387b3b402acf93f
[INFO] [stderr] WARNING: Your kernel does not support swap limit capabilities or the cgroup is not mounted. Memory limited without swap.
[INFO] running `Command { std: "docker" "start" "-a" "f8e8436324e55ba53072ecb23c4207478990c3e51b443c1d4387b3b402acf93f", kill_on_drop: false }`
[INFO] running `Command { std: "docker" "inspect" "f8e8436324e55ba53072ecb23c4207478990c3e51b443c1d4387b3b402acf93f", kill_on_drop: false }`
[INFO] running `Command { std: "docker" "rm" "-f" "f8e8436324e55ba53072ecb23c4207478990c3e51b443c1d4387b3b402acf93f", kill_on_drop: false }`
[INFO] [stdout] f8e8436324e55ba53072ecb23c4207478990c3e51b443c1d4387b3b402acf93f
[INFO] running `Command { std: "docker" "create" "-v" "/var/lib/crater-agent-workspace/builds/worker-13/target:/opt/rustwide/target:rw,Z" "-v" "/var/lib/crater-agent-workspace/builds/worker-13/source:/opt/rustwide/workdir:ro,Z" "-v" "/var/lib/crater-agent-workspace/cargo-home:/opt/rustwide/cargo-home:ro,Z" "-v" "/var/lib/crater-agent-workspace/rustup-home:/opt/rustwide/rustup-home:ro,Z" "-e" "SOURCE_DIR=/opt/rustwide/workdir" "-e" "CARGO_TARGET_DIR=/opt/rustwide/target" "-e" "CARGO_INCREMENTAL=0" "-e" "RUST_BACKTRACE=full" "-e" "RUSTFLAGS=--cap-lints=forbid" "-e" "CARGO_HOME=/opt/rustwide/cargo-home" "-e" "RUSTUP_HOME=/opt/rustwide/rustup-home" "-w" "/opt/rustwide/workdir" "-m" "1610612736" "--user" "0:0" "--network" "none" "rustops/crates-build-env@sha256:d92eaeed33fa75130ca1ee6c8a01d1ffb62bac859dfdfb3450e3e5d1c0146529" "/opt/rustwide/cargo-home/bin/cargo" "+af3c6e733a40e671550e0f0f5aeecaa13772ba56" "check" "--frozen" "--all" "--all-targets" "--message-format=json", kill_on_drop: false }`
[INFO] [stdout] fb063bc1f4f883e3ac58e56275c75aa8fd4fde0ea1c2fa32195a9771c944a525
[INFO] [stderr] WARNING: Your kernel does not support swap limit capabilities or the cgroup is not mounted. Memory limited without swap.
[INFO] running `Command { std: "docker" "start" "-a" "fb063bc1f4f883e3ac58e56275c75aa8fd4fde0ea1c2fa32195a9771c944a525", kill_on_drop: false }`
[INFO] [stderr] warning: output filename collision.
[INFO] [stderr] The lib target `tarpc-plugins` in package `tarpc-plugins v0.4.0 (https://github.com/google/tarpc.git?branch=master#5e4b97e5)` has the same output filename as the lib target `tarpc-plugins` in package `tarpc-plugins v0.4.0 (https://github.com/google/tarpc?rev=5e4b97e#5e4b97e5)`.
[INFO] [stderr] Colliding filename is: /opt/rustwide/target/debug/libtarpc_plugins.so
[INFO] [stderr] The targets should have unique names.
[INFO] [stderr] Consider changing their names to be unique or compiling them separately.
[INFO] [stderr] This may become a hard error in the future; see <https://github.com/rust-lang/cargo/issues/6313>.
[INFO] [stderr]     Checking libc v0.2.43
[INFO] [stderr]    Compiling version_check v0.1.5
[INFO] [stderr]     Checking cfg-if v0.1.5
[INFO] [stderr]     Checking futures v0.1.24
[INFO] [stderr]     Checking rand_core v0.3.0
[INFO] [stderr]     Checking scopeguard v0.3.3
[INFO] [stderr]    Compiling semver-parser v0.7.0
[INFO] [stderr]     Checking slab v0.4.1
[INFO] [stderr]     Checking stable_deref_trait v1.1.1
[INFO] [stderr]     Checking lazycell v1.2.0
[INFO] [stderr]    Compiling nodrop v0.1.12
[INFO] [stderr]    Compiling serde v1.0.79
[INFO] [stderr]    Compiling memoffset v0.2.1
[INFO] [stderr]    Compiling rayon-core v1.4.1
[INFO] [stderr]    Compiling cc v1.0.25
[INFO] [stderr]     Checking unicode-normalization v0.1.7
[INFO] [stderr]    Compiling gcc v0.3.54
[INFO] [stderr]    Compiling num-traits v0.2.6
[INFO] [stderr]    Compiling num-integer v0.1.39
[INFO] [stderr]    Compiling either v1.5.0
[INFO] [stderr]     Checking rustc-demangle v0.1.9
[INFO] [stderr]    Compiling httparse v1.3.3
[INFO] [stderr]    Compiling pkg-config v0.3.14
[INFO] [stderr]    Compiling failure_derive v0.1.2
[INFO] [stderr]     Checking lazy_static v0.2.11
[INFO] [stderr]    Compiling unicode-xid v0.0.4
[INFO] [stderr]     Checking scoped-tls v0.1.2
[INFO] [stderr]     Checking utf8-ranges v1.0.1
[INFO] [stderr]     Checking untrusted v0.5.1
[INFO] [stderr]     Checking slab v0.3.0
[INFO] [stderr]     Checking unicode-width v0.1.5
[INFO] [stderr]     Checking safemem v0.3.0
[INFO] [stderr]    Compiling regex v0.2.11
[INFO] [stderr]     Checking bitflags v1.0.4
[INFO] [stderr]    Compiling quote v0.3.15
[INFO] [stderr]     Checking antidote v1.0.0
[INFO] [stderr]    Compiling regex v1.0.5
[INFO] [stderr]     Checking two-lock-queue v0.1.1
[INFO] [stderr]     Checking yansi v0.4.0
[INFO] [stderr]     Checking pear v0.0.20
[INFO] [stderr]     Checking itoa v0.4.3
[INFO] [stderr]     Checking ordermap v0.2.13
[INFO] [stderr]     Checking vec_map v0.8.1
[INFO] [stderr]     Checking unicode-segmentation v1.2.1
[INFO] [stderr]     Checking utf8parse v0.1.1
[INFO] [stderr]     Checking strsim v0.7.0
[INFO] [stderr]     Checking ansi_term v0.11.0
[INFO] [stderr]     Checking unreachable v1.0.0
[INFO] [stderr]    Compiling proc-macro2 v0.3.8
[INFO] [stderr]    Compiling crossbeam-utils v0.2.2
[INFO] [stderr]    Compiling num_cpus v1.8.0
[INFO] [stderr]    Compiling arrayvec v0.4.7
[INFO] [stderr]     Checking log v0.4.5
[INFO] [stderr]     Checking owning_ref v0.3.3
[INFO] [stderr]     Checking regex-syntax v0.6.2
[INFO] [stderr]     Checking base64 v0.6.0
[INFO] [stderr]    Compiling itertools v0.7.8
[INFO] [stderr]     Checking rand_core v0.2.2
[INFO] [stderr]    Compiling semver v0.9.0
[INFO] [stderr]    Compiling synom v0.11.3
[INFO] [stderr]     Checking textwrap v0.10.0
[INFO] [stderr]     Checking base64 v0.9.3
[INFO] [stderr]    Compiling lazy_static v1.1.0
[INFO] [stderr]    Compiling memchr v2.1.0
[INFO] [stderr]    Compiling unicase v1.4.2
[INFO] [stderr]    Compiling pear_codegen v0.0.20
[INFO] [stderr]    Compiling rocket v0.3.17
[INFO] [stderr]     Checking scheduled-thread-pool v0.2.0
[INFO] [stderr]     Checking iovec v0.1.2
[INFO] [stderr]     Checking net2 v0.2.33
[INFO] [stderr]     Checking time v0.1.40
[INFO] [stderr]     Checking rand v0.4.3
[INFO] [stderr]     Checking isatty v0.1.9
[INFO] [stderr]     Checking dirs v1.0.4
[INFO] [stderr]     Checking atty v0.2.11
[INFO] [stderr]     Checking smallvec v0.6.5
[INFO] [stderr]    Compiling proc-macro2 v0.4.20
[INFO] [stderr]     Checking lock_api v0.1.4
[INFO] [stderr]     Checking rand v0.5.5
[INFO] [stderr]     Checking nix v0.11.0
[INFO] [stderr]     Checking log v0.3.9
[INFO] [stderr]     Checking fern v0.5.6
[INFO] [stderr]    Compiling mysqlclient-sys v0.2.3
[INFO] [stderr]    Compiling quote v0.5.2
[INFO] [stderr]    Compiling syn v0.11.11
[INFO] [stderr]     Checking tokio-executor v0.1.5
[INFO] [stderr]     Checking tokio-service v0.1.0
[INFO] [stderr]     Checking bytes v0.4.10
[INFO] [stderr]     Checking thread-pool v0.1.1
[INFO] [stderr]     Checking futures-cpupool v0.1.8
[INFO] [stderr]    Compiling rustc_version v0.2.3
[INFO] [stderr]     Checking r2d2 v0.8.2
[INFO] [stderr]     Checking clap v2.32.0
[INFO] [stderr]     Checking mio v0.6.16
[INFO] [stderr]     Checking mime v0.2.6
[INFO] [stderr]     Checking idna v0.1.5
[INFO] [stderr]     Checking tokio-current-thread v0.1.3
[INFO] [stderr]     Checking tokio-timer v0.2.7
[INFO] [stderr]    Compiling syn v0.13.11
[INFO] [stderr]    Compiling tarpc-plugins v0.4.0 (https://github.com/google/tarpc.git?branch=master#5e4b97e5)
[INFO] [stdout] error[E0557]: feature has been removed
[INFO] [stdout]  --> /opt/rustwide/cargo-home/registry/src/github.com-1ecc6299db9ec823/pear_codegen-0.0.20/src/lib.rs:1:45
[INFO] [stdout]   |
[INFO] [stdout] 1 | #![feature(plugin_registrar, rustc_private, quote)]
[INFO] [stdout]   |                                             ^^^^^ feature has been removed
[INFO] [stdout] 
[INFO] [stdout] 
[INFO] [stdout] error[E0462]: found staticlib `rustc` instead of rlib or dylib
[INFO] [stdout]  --> /opt/rustwide/cargo-home/registry/src/github.com-1ecc6299db9ec823/pear_codegen-0.0.20/src/lib.rs:3:1
[INFO] [stdout]   |
[INFO] [stdout] 3 | extern crate rustc;
[INFO] [stdout]   | ^^^^^^^^^^^^^^^^^^^
[INFO] [stdout]   |
[INFO] [stdout]   = help: please recompile that crate using --crate-type lib
[INFO] [stdout]   = note: the following crate versions were found:
[INFO] [stdout]           crate `rustc`: /opt/rustwide/rustup-home/toolchains/af3c6e733a40e671550e0f0f5aeecaa13772ba56/lib/rustlib/x86_64-unknown-linux-gnu/lib/librustc-nightly_rt.lsan.a
[INFO] [stdout]           crate `rustc`: /opt/rustwide/rustup-home/toolchains/af3c6e733a40e671550e0f0f5aeecaa13772ba56/lib/rustlib/x86_64-unknown-linux-gnu/lib/librustc-nightly_rt.msan.a
[INFO] [stdout]           crate `rustc`: /opt/rustwide/rustup-home/toolchains/af3c6e733a40e671550e0f0f5aeecaa13772ba56/lib/rustlib/x86_64-unknown-linux-gnu/lib/librustc-nightly_rt.tsan.a
[INFO] [stdout]           crate `rustc`: /opt/rustwide/rustup-home/toolchains/af3c6e733a40e671550e0f0f5aeecaa13772ba56/lib/rustlib/x86_64-unknown-linux-gnu/lib/librustc-nightly_rt.asan.a
[INFO] [stdout] 
[INFO] [stdout] 
[INFO] [stdout] error: aborting due to 2 previous errors
[INFO] [stdout] 
[INFO] [stdout] 
[INFO] [stdout] For more information about this error, try `rustc --explain E0557`.
[INFO] [stdout] 
[INFO] [stderr] error: could not compile `pear_codegen`.
[INFO] [stderr] 
[INFO] [stderr] To learn more, run the command again with --verbose.
[INFO] [stderr] warning: build failed, waiting for other jobs to finish...
[INFO] [stdout] error[E0463]: can't find crate for `rustc_plugin`
[INFO] [stdout]  --> /opt/rustwide/cargo-home/git/checkouts/tarpc-87655b19c07c6cd1/5e4b97e/src/plugins/src/lib.rs:4:1
[INFO] [stdout]   |
[INFO] [stdout] 4 | extern crate rustc_plugin;
[INFO] [stdout]   | ^^^^^^^^^^^^^^^^^^^^^^^^^^ can't find crate
[INFO] [stdout] 
[INFO] [stdout] 
[INFO] [stdout] error: aborting due to previous error
[INFO] [stdout] 
[INFO] [stdout] 
[INFO] [stdout] For more information about this error, try `rustc --explain E0463`.
[INFO] [stdout] 
[INFO] [stderr] error: build failed
[INFO] running `Command { std: "docker" "inspect" "fb063bc1f4f883e3ac58e56275c75aa8fd4fde0ea1c2fa32195a9771c944a525", kill_on_drop: false }`
[INFO] running `Command { std: "docker" "rm" "-f" "fb063bc1f4f883e3ac58e56275c75aa8fd4fde0ea1c2fa32195a9771c944a525", kill_on_drop: false }`
[INFO] [stdout] fb063bc1f4f883e3ac58e56275c75aa8fd4fde0ea1c2fa32195a9771c944a525
